{"id":67,"date":"2018-05-29T16:17:32","date_gmt":"2018-05-29T16:17:32","guid":{"rendered":"http:\/\/congregaciondesantacruz.cl\/new\/?page_id=67"},"modified":"2025-08-19T13:34:44","modified_gmt":"2025-08-19T13:34:44","slug":"historia","status":"publish","type":"page","link":"https:\/\/congregaciondesantacruz.cl\/new\/historia\/","title":{"rendered":"Historia"},"content":{"rendered":"<p>[et_pb_section fb_built=\u00bb1&#8243; custom_padding_last_edited=\u00bbon|phone\u00bb admin_label=\u00bbsection\u00bb _builder_version=\u00bb3.22&#8243; custom_margin=\u00bb|||\u00bb custom_padding=\u00bb0px|||\u00bb custom_padding_tablet=\u00bb0px|||\u00bb custom_padding_phone=\u00bb0px|||\u00bb fb_built=\u00bb1&#8243; bb_built=\u00bb1&#8243; _i=\u00bb0&#8243; _address=\u00bb0&#8243;][et_pb_row column_structure=\u00bb1_4,1_2,1_4&#8243; custom_padding_last_edited=\u00bbon|phone\u00bb _builder_version=\u00bb3.25&#8243; background_size=\u00bbinitial\u00bb background_position=\u00bbtop_left\u00bb background_repeat=\u00bbrepeat\u00bb custom_margin_last_edited=\u00bbon|phone\u00bb custom_padding=\u00bb|||30px\u00bb custom_padding_tablet=\u00bb|||1px\u00bb custom_padding_phone=\u00bb|||5px\u00bb _i=\u00bb0&#8243; _address=\u00bb0.0&#8243;][et_pb_column type=\u00bb1_4&#8243; _builder_version=\u00bb3.0.47&#8243; custom_padding=\u00bb|50px||\u00bb custom_padding_tablet=\u00bb|0px||\u00bb custom_padding_phone=\u00bb|0px||\u00bb custom_padding_last_edited=\u00bbon|tablet\u00bb custom_padding__hover=\u00bb|||\u00bb _i=\u00bb0&#8243; _address=\u00bb0.0.0&#8243;][et_pb_sidebar area=\u00bbet_pb_widget_area_1&#8243; admin_label=\u00bbBarra lateral QS\u00bb _builder_version=\u00bb3.0.106&#8243; header_text_align=\u00bbleft\u00bb header_text_color=\u00bb#c39d63&#8243; header_font_size=\u00bb15&#8243; background_size=\u00bbinitial\u00bb background_position=\u00bbtop_left\u00bb background_repeat=\u00bbrepeat\u00bb text_orientation=\u00bbleft\u00bb _i=\u00bb0&#8243; _address=\u00bb0.0.0.0&#8243;][\/et_pb_sidebar][\/et_pb_column][et_pb_column type=\u00bb1_2&#8243; module_class=\u00bbcolumnaDos\u00bb _builder_version=\u00bb3.0.47&#8243; custom_padding=\u00bb|||\u00bb custom_padding__hover=\u00bb|||\u00bb _i=\u00bb1&#8243; _address=\u00bb0.0.1&#8243;][et_pb_post_title meta=\u00bboff\u00bb featured_image=\u00bboff\u00bb _builder_version=\u00bb3.0.106&#8243; _i=\u00bb0&#8243; _address=\u00bb0.0.1.0&#8243;][\/et_pb_post_title][et_pb_divider color=\u00bb#c39d63&#8243; divider_weight=\u00bb3px\u00bb _builder_version=\u00bb3.2&#8243; max_width=\u00bb60px\u00bb module_alignment=\u00bbleft\u00bb height=\u00bb20px\u00bb custom_margin=\u00bb|||\u00bb custom_padding=\u00bb|||\u00bb global_module=\u00bb409&#8243; saved_tabs=\u00bball\u00bb locked=\u00bboff\u00bb text_orientation=\u00bbjustified\u00bb _i=\u00bb1&#8243; _address=\u00bb0.0.1.1&#8243;]<\/p>\n<p>\u00a0<\/p>\n<p>[\/et_pb_divider][et_pb_text disabled_on=\u00bboff|off|off\u00bb _builder_version=\u00bb3.29.3&#8243; text_orientation=\u00bbjustified\u00bb z_index_tablet=\u00bb500&#8243; hover_enabled=\u00bb0&#8243; text_font_size_tablet=\u00bb12px\u00bb text_font_size_last_edited=\u00bbon|phone\u00bb text_line_height_tablet=\u00bb1.5em\u00bb text_line_height_phone=\u00bb1.4em\u00bb text_line_height_last_edited=\u00bbon|tablet\u00bb text_text_shadow_horizontal_length_tablet=\u00bb0px\u00bb text_text_shadow_vertical_length_tablet=\u00bb0px\u00bb text_text_shadow_blur_strength_tablet=\u00bb1px\u00bb link_text_shadow_horizontal_length_tablet=\u00bb0px\u00bb link_text_shadow_vertical_length_tablet=\u00bb0px\u00bb link_text_shadow_blur_strength_tablet=\u00bb1px\u00bb ul_text_shadow_horizontal_length_tablet=\u00bb0px\u00bb ul_text_shadow_vertical_length_tablet=\u00bb0px\u00bb ul_text_shadow_blur_strength_tablet=\u00bb1px\u00bb ol_text_shadow_horizontal_length_tablet=\u00bb0px\u00bb ol_text_shadow_vertical_length_tablet=\u00bb0px\u00bb ol_text_shadow_blur_strength_tablet=\u00bb1px\u00bb quote_text_shadow_horizontal_length_tablet=\u00bb0px\u00bb quote_text_shadow_vertical_length_tablet=\u00bb0px\u00bb quote_text_shadow_blur_strength_tablet=\u00bb1px\u00bb header_text_shadow_horizontal_length_tablet=\u00bb0px\u00bb header_text_shadow_vertical_length_tablet=\u00bb0px\u00bb header_text_shadow_blur_strength_tablet=\u00bb1px\u00bb header_2_text_shadow_horizontal_length_tablet=\u00bb0px\u00bb header_2_text_shadow_vertical_length_tablet=\u00bb0px\u00bb header_2_text_shadow_blur_strength_tablet=\u00bb1px\u00bb header_3_text_shadow_horizontal_length_tablet=\u00bb0px\u00bb header_3_text_shadow_vertical_length_tablet=\u00bb0px\u00bb header_3_text_shadow_blur_strength_tablet=\u00bb1px\u00bb header_4_text_shadow_horizontal_length_tablet=\u00bb0px\u00bb header_4_text_shadow_vertical_length_tablet=\u00bb0px\u00bb header_4_text_shadow_blur_strength_tablet=\u00bb1px\u00bb header_5_text_shadow_horizontal_length_tablet=\u00bb0px\u00bb header_5_text_shadow_vertical_length_tablet=\u00bb0px\u00bb header_5_text_shadow_blur_strength_tablet=\u00bb1px\u00bb header_6_text_shadow_horizontal_length_tablet=\u00bb0px\u00bb header_6_text_shadow_vertical_length_tablet=\u00bb0px\u00bb header_6_text_shadow_blur_strength_tablet=\u00bb1px\u00bb box_shadow_horizontal_tablet=\u00bb0px\u00bb box_shadow_vertical_tablet=\u00bb0px\u00bb box_shadow_blur_tablet=\u00bb40px\u00bb box_shadow_spread_tablet=\u00bb0px\u00bb _i=\u00bb2&#8243; _address=\u00bb0.0.1.2&#8243;]<\/p>\n<p>La Congregaci\u00f3n de Santa Cruz fue fundada el 1 de marzo de 1837 por el Beato Basilio Moreau en Sainte-Croix, una peque\u00f1a villa a las afueras de Le Mans, Francia. Quiso que sus seguidores, a trav\u00e9s de su trabajo apost\u00f3lico, fueran una comunidad de hermanos y sacerdotes portadores de esperanza y testigos del Reino de Dios, sirviendo firmemente la misi\u00f3n \u201c<strong>para que Dios sea conocido, amado y servido<\/strong>\u201d.<\/p>\n<p>A lo largo de nuestra historia, la misi\u00f3n ha sido trabajar siendo educadores en la f\u00e9. Hoy contamos con m\u00e1s de 1300 hermanos y sacerdotes en 18 pa\u00edses del mundo.<\/p>\n<p>A partir de 1840, Santa Cruz se convirti\u00f3 en una Congregaci\u00f3n misionera de educadores cuando el Beato Basilio Moreau envi\u00f3 equipos de hermanos y sacerdotes desde Francia a Argelia, Bengala, Estados Unidos y Canad\u00e1 para trabajar en escuelas. Esta labor misionera fund\u00f3 diversas escuelas y universidades, siendo hoy la Universidad de Notre Dame en los Estados Unidos, una de las universidades cat\u00f3licas m\u00e1s destacadas en el Mundo.<\/p>\n<p>Los primeros miembros de la Congregaci\u00f3n llegaron a Chile en 1943, invitados por el Arzobispo de Santiago para tomar a su cargo el <strong>Saint George&#8217;s College<\/strong> fundado por el Arzobispado de Santiago en 1936. Los primeros tres sacerdotes se encontraron con el desaf\u00edo de fomentar un esp\u00edritu de trabajo y de vida dentro de la instituci\u00f3n. Se propon\u00edan entregar una excelente formaci\u00f3n acad\u00e9mica, con \u00e9nfasis en el ingl\u00e9s como segundo idioma y una s\u00f3lida formaci\u00f3n cat\u00f3lica.<\/p>\n<p>Durante los tres primeros a\u00f1os, extendieron su ministerio parroquial junto a los m\u00e1s necesitados en la comuna de Pe\u00f1alol\u00e9n y acogiendo ni\u00f1os abandonados tanto en Santiago como Talagante. Las primeras d\u00e9cadas los esfuerzos estuvieron enfocados en aumentar las oportunidades, especialmente de acceso a la educaci\u00f3n, de los m\u00e1s pobres. Es as\u00ed como tambi\u00e9n, toma a su cargo en 1977 el <strong>Colegio Nuestra Se\u00f1ora Andacollo<\/strong>, ubicado en el sector central de Santiago.<\/p>\n<p>Ambos colegios, contin\u00faan siendo administrados por la Congregaci\u00f3n de Santa Cruz, reconocidos por su excelencia acad\u00e9mica y fuerte formaci\u00f3n en la fe, especialmente en t\u00e9rminos de justicia social y preparaci\u00f3n sacramental.<\/p>\n<p>Asimismo, se mantiene el trabajo ministerial en la parroquia de San Roque en Pe\u00f1alol\u00e9n, sum\u00e1ndose la administraci\u00f3n de la <strong>parroquia de Nuestra Se\u00f1ora de Andacollo<\/strong> y <strong>Nuestra Se\u00f1ora de la Merced<\/strong> en la di\u00f3cesis de San Felipe. Asimismo, el trabajo con los ni\u00f1os desamparados contin\u00faa a manos de la Fundaci\u00f3n Moreau (<strong>Fundamor<\/strong>).<\/p>\n<p>Chile adem\u00e1s es sede de la <strong>Casa Internacional de Formaci\u00f3n<\/strong>, donde miembros de la congregaci\u00f3n de Brasil, Hait\u00ed, M\u00e9xico, Per\u00fa, y Chile completan la formaci\u00f3n y preparaci\u00f3n para su servicio como hermanos o sacerdotes a la Iglesia.<\/p>\n<p>Despu\u00e9s de una larga historia de colaboraci\u00f3n, Chile y Per\u00fa se unieron en una sola jurisdicci\u00f3n el 1 de Enero de 2019. La congregaci\u00f3n en estos dos pa\u00edses mantiene tres colegios, cuatro parroquias, un Instituto y dos centros de apoyo a la familia, y ni\u00f1os con discapacidad o vulnerados.\u00a0 (Instituto de Pastoral de la Familia<span style=\"font-weight: 400;\">, Yancana Huasy y Fundamor<\/span>). Acompa\u00f1a y apoya el Apostolado del Rosario en Familia, fundado por el Venerable de Dios P. Patrick Peyton C.S.C..\u00a0 El P. Alfredo Hern\u00e1ndez, C.S.C<span style=\"font-weight: 400;\">.\u00a0<\/span>es actualmente el Superior Religioso del Distrito Chile \u2013 Per\u00fa.<\/p>\n<p>[\/et_pb_text][et_pb_divider color=\u00bb#c39d63&#8243; divider_weight=\u00bb3px\u00bb _builder_version=\u00bb3.2&#8243; max_width=\u00bb60px\u00bb module_alignment=\u00bbleft\u00bb height=\u00bb20px\u00bb custom_margin=\u00bb|||\u00bb custom_padding=\u00bb|||\u00bb global_module=\u00bb409&#8243; saved_tabs=\u00bball\u00bb locked=\u00bboff\u00bb text_orientation=\u00bbjustified\u00bb _i=\u00bb1&#8243; _address=\u00bb0.0.1.1&#8243;]<\/p>\n<p>\u00a0<\/p>\n<p>[\/et_pb_divider][\/et_pb_column][et_pb_column type=\u00bb1_4&#8243; _builder_version=\u00bb3.0.47&#8243; custom_padding=\u00bb|||\u00bb custom_padding_tablet=\u00bb|0px||\u00bb custom_padding_phone=\u00bb|0px||\u00bb custom_padding_last_edited=\u00bbon|tablet\u00bb custom_padding__hover=\u00bb|||\u00bb _i=\u00bb2&#8243; _address=\u00bb0.0.2&#8243;][et_pb_sidebar orientation=\u00bbright\u00bb area=\u00bbsidebar-1&#8243; disabled_on=\u00bbon|on|off\u00bb _builder_version=\u00bb3.29.3&#8243; header_font=\u00bb|||on|||||\u00bb header_text_color=\u00bb#c39d63&#8243; header_font_size=\u00bb15px\u00bb body_font=\u00bb||||||||\u00bb body_line_height=\u00bb1.5em\u00bb global_module=\u00bb382&#8243; saved_tabs=\u00bball\u00bb _i=\u00bb0&#8243; _address=\u00bb0.0.2.0&#8243;][\/et_pb_sidebar][\/et_pb_column][\/et_pb_row][\/et_pb_section]<\/p>\n","protected":false},"excerpt":{"rendered":"<p>[et_pb_section fb_built=\u00bb1&#8243; custom_padding_last_edited=\u00bbon|phone\u00bb admin_label=\u00bbsection\u00bb _builder_version=\u00bb3.22&#8243; custom_margin=\u00bb|||\u00bb custom_padding=\u00bb0px|||\u00bb custom_padding_tablet=\u00bb0px|||\u00bb custom_padding_phone=\u00bb0px|||\u00bb fb_built=\u00bb1&#8243; bb_built=\u00bb1&#8243; _i=\u00bb0&#8243; _address=\u00bb0&#8243;][et_pb_row column_structure=\u00bb1_4,1_2,1_4&#8243; custom_padding_last_edited=\u00bbon|phone\u00bb _builder_version=\u00bb3.25&#8243; background_size=\u00bbinitial\u00bb background_position=\u00bbtop_left\u00bb background_repeat=\u00bbrepeat\u00bb custom_margin_last_edited=\u00bbon|phone\u00bb custom_padding=\u00bb|||30px\u00bb custom_padding_tablet=\u00bb|||1px\u00bb custom_padding_phone=\u00bb|||5px\u00bb _i=\u00bb0&#8243; _address=\u00bb0.0&#8243;][et_pb_column type=\u00bb1_4&#8243; _builder_version=\u00bb3.0.47&#8243; custom_padding=\u00bb|50px||\u00bb custom_padding_tablet=\u00bb|0px||\u00bb custom_padding_phone=\u00bb|0px||\u00bb custom_padding_last_edited=\u00bbon|tablet\u00bb custom_padding__hover=\u00bb|||\u00bb _i=\u00bb0&#8243; _address=\u00bb0.0.0&#8243;][et_pb_sidebar area=\u00bbet_pb_widget_area_1&#8243; admin_label=\u00bbBarra lateral QS\u00bb _builder_version=\u00bb3.0.106&#8243; header_text_align=\u00bbleft\u00bb header_text_color=\u00bb#c39d63&#8243; header_font_size=\u00bb15&#8243; background_size=\u00bbinitial\u00bb background_position=\u00bbtop_left\u00bb background_repeat=\u00bbrepeat\u00bb text_orientation=\u00bbleft\u00bb _i=\u00bb0&#8243; _address=\u00bb0.0.0.0&#8243;][\/et_pb_sidebar][\/et_pb_column][et_pb_column type=\u00bb1_2&#8243; module_class=\u00bbcolumnaDos\u00bb _builder_version=\u00bb3.0.47&#8243; custom_padding=\u00bb|||\u00bb custom_padding__hover=\u00bb|||\u00bb _i=\u00bb1&#8243; _address=\u00bb0.0.1&#8243;][et_pb_post_title [&hellip;]<\/p>\n","protected":false},"author":1,"featured_media":0,"parent":0,"menu_order":0,"comment_status":"closed","ping_status":"closed","template":"","meta":{"_et_pb_use_builder":"on","_et_pb_old_content":""},"_links":{"self":[{"href":"https:\/\/congregaciondesantacruz.cl\/new\/wp-json\/wp\/v2\/pages\/67"}],"collection":[{"href":"https:\/\/congregaciondesantacruz.cl\/new\/wp-json\/wp\/v2\/pages"}],"about":[{"href":"https:\/\/congregaciondesantacruz.cl\/new\/wp-json\/wp\/v2\/types\/page"}],"author":[{"embeddable":true,"href":"https:\/\/congregaciondesantacruz.cl\/new\/wp-json\/wp\/v2\/users\/1"}],"replies":[{"embeddable":true,"href":"https:\/\/congregaciondesantacruz.cl\/new\/wp-json\/wp\/v2\/comments?post=67"}],"version-history":[{"count":8,"href":"https:\/\/congregaciondesantacruz.cl\/new\/wp-json\/wp\/v2\/pages\/67\/revisions"}],"predecessor-version":[{"id":3108,"href":"https:\/\/congregaciondesantacruz.cl\/new\/wp-json\/wp\/v2\/pages\/67\/revisions\/3108"}],"wp:attachment":[{"href":"https:\/\/congregaciondesantacruz.cl\/new\/wp-json\/wp\/v2\/media?parent=67"}],"curies":[{"name":"wp","href":"https:\/\/api.w.org\/{rel}","templated":true}]}}